-4
Let f(v) = v**3 + 13*v**2 + 131*v + 4036. Determine f(-18).
58
Let x(d) = -150*d**2 + 47544*d + 1911. Give x(317).
9
Let g(j) = -19*j - 164. What is g(11)?
-373
Let b(c) = 14*c + 776. Calculate b(-9).
650
Let v(x) = 4207*x + 29629. Give v(-7).
180
Let v(h) = 8*h**3 + 1378*h**2 + 344*h - 11. Determine v(-172).
-11
Let o(i) = -2*i**3 - i**2 + 32*i + 14. Give o(4).
-2
Let r(a) = 764*a + 79416. Calculate r(-104).
-40
Let r(w) = 21*w**2 + 5849*w + 8831. Determine r(-277).
-33
Let f(q) = 419*q - 26076. Give f(62).
-98
Let p(x) = 14*x - 2246. Give p(160).
-6
Let s(d) = 3953*d + 1075166. Calculate s(-272).
-50
Let n(s) = 1804*s + 534. Determine n(-1).
-1270
Let l(s) = 4078928*s - 12236787. What is l(3)?
-3
Let p(s) = 3*s**3 - 154*s**2 + 1144*s - 9. Give p(9).
0
Let q(n) = -2351*n + 406724. What is q(173)?
1
Let w(s) = -6*s**3 + 9*s**2 + 67*s - 294. Give w(6).
-864
Let j(y) = 437561*y - 9188799. What is j(21)?
-18
Let n(p) = -2*p**2 - 267*p - 155. Give n(-133).
-22
Let k(c) = -68*c**2 - 439*c + 908. Calculate k(-8).
68
Let l(k) = -2*k**3 - 1949*k**2 - 542*k + 420760. What is l(-974)?
-8
Let s(p) = p**3 + 28*p**2 - 248*p + 9286. Give s(-40).
6
Let b(y) = 10940*y - 339131. Give b(31).
9
Let s(o) = -17*o**2 - 443*o + 2993. Give s(7).
-941
Let c(w) = 8070*w - 1573654. What is c(195)?
-4
Let o(s) = -2*s**3 + 206*s**2 + 15*s - 789. Calculate o(103).
756
Let o(i) = -10*i**2 - 11352*i + 1155450. Calculate o(94).
2
Let s(y) = -814*y - 4919. What is s(-6)?
-35
Let y(b) = 1731*b - 31111. What is y(18)?
47
Let a(q) = -2*q**3 - 19*q**2 + 63*q + 725. Determine a(-9).
77
Let i(b) = -7*b**2 + 213*b + 24149. What is i(76)?
-95
Let m(g) = -2023*g + 94155. Give m(47).
-926
Let u(f) = 1164*f - 32601. Determine u(28).
-9
Let p(u) = -2368*u + 4349. Calculate p(2).
-387
Let b(g) = -487*g - 59176. Determine b(-107).
-7067
Let o(m) = m**2 + 283*m + 8968. Calculate o(-37).
-134
Let s(x) = 547*x + 188961. Calculate s(-345).
246
Let g(v) = -2*v**2 - 8131*v + 179851. Give g(22).
1
Let p(n) = -77*n**2 + 175*n + 1040. Give p(5).
-10
Let p(z) = -9*z**2 + 4223*z - 4207. What is p(1)?
7
Let c(l) = 9*l - 258. Calculate c(0).
-258
Let d(r) = -2*r**3 + 693*r**2 - 324*r - 7631. Give d(346).
-19
Let a(w) = -842*w**3 + 59*w**2 + 72*w + 12. What is a(-1)?
841
Let p(k) = -43*k**2 + 2871*k + 1315. Give p(67).
645
Let p(g) = 13465*g + 41776. Give p(-3).
1381
Let x(v) = 905*v - 39810. What is x(44)?
10
Let z(b) = -5*b**2 + 135*b - 1191. Give z(54).
-8481
Let z(m) = 2*m**3 + 78*m**2 - 421*m - 16326. Determine z(-39).
93
Let a(y) = -696*y + 3533. Calculate a(5).
53
Let l(y) = 1533*y - 50448. Determine l(33).
141
Let x(i) = 1000*i - 135953. Give x(136).
47
Let u(s) = -330*s - 36644. What is u(-111)?
-14
Let p(s) = 3*s**3 - 16*s**2 - 8*s + 79. Calculate p(-3).
-122
Let r(n) = 7135*n - 5572436. Determine r(781).
-1
Let k(h) = -h**2 + 98*h + 2508. Give k(119).
9
Let b(r) = -305*r + 119588. Determine b(392).
28
Let o(j) = -5*j**2 - 45827*j + 183332. Calculate o(4).
-56
Let c(t) = -7431*t - 30472. What is c(-4)?
-748
Let o(d) = d**3 + 418*d - 1671. Determine o(4).
65
Let k(l) = 81333*l - 1301326. Calculate k(16).
2
Let v(j) = 81888*j - 4503851. Determine v(55).
-11
Let q(i) = i**3 + 33*i**2 - 689*i - 21651. Determine q(-35).
14
Let a(g) = -785788*g + 14144181. Give a(18).
-3
Let j(c) = -3222*c - 10152. What is j(-3)?
-486
Let f(w) = 7*w**2 + 1020*w + 647. What is f(-146)?
939
Let r(s) = 684*s**2 + 4756*s - 223. Calculate r(-7).
1
Let s(y) = 2*y**2 - 83*y + 915. What is s(13)?
174
Let m(a) = 1064*a + 16793. Give m(-16).
-231
Let v(x) = -1557*x - 471768. What is v(-303)?
3
Let t(y) = 3*y**3 - 38*y**2 + 45*y + 182. Determine t(12).
434
Let f(k) = -352*k**2 + 14*k - 462. Calculate f(0).
-462
Let f(h) = 2*h**2 + 1173*h + 159695. Determine f(-371).
-206
Let n(m) = 14438*m + 288752. Determine n(-20).
-8
Let y(n) = -14*n**2 + 379*n + 22693. Give y(56).
13
Let h(g) = -g**3 + 10*g**2 + 268*g + 31. What is h(22)?
119
Let k(h) = 130*h**2 - 679*h - 682. Calculate k(-1).
127
Let n(i) = -25196*i - 50384. Calculate n(-2).
8
Let t(c) = 4*c**2 + 59*c - 1227. What is t(-27)?
96
Let o(u) = u**3 - 517*u**2 - 10141*u + 794. Give o(-19).
-23
Let k(l) = 35*l**3 - 37*l**2 + 128*l + 6. Give k(4).
2166
Let v(y) = -6*y**3 + 50*y**2 - 170*y + 56. Calculate v(4).
-208
Let r(k) = 1017*k - 44831. Calculate r(44).
-83
Let s(q) = -3213*q**2 - 2027405*q - 1261. What is s(-631)?
1
Let l(k) = -6*k**3 + 88*k**2 + 308*k + 258. What is l(-2)?
42
Let c(y) = 25*y**2 - 2926*y - 2825. What is c(118)?
7
Let m(i) = -8510*i**3 + 59568*i**2 + 32*i - 123. Calculate m(7).
3
Let y(v) = -7*v**3 + 3213*v**2 - 6402*v + 1866. Give y(457).
38
Let b(i) = -75*i**2 + 1508*i - 123. What is b(20)?
37
Let i(d) = -3*d**3 + 21*d**2 - 18*d + 324. What is i(10)?
-756
Let x(k) = -5*k**2 + 165*k + 4268. Determine x(50).
18
Let m(q) = 50752*q - 251984. Give m(5).
1776
Let l(n) = 20171*n - 20372717. Calculate l(1010).
-7
Let d(v) = v**2 - 346*v - 3792. What is d(-10)?
-232
Let x(z) = -2*z**2 + 204*z - 1841. Determine x(10).
-1
Let l(v) = -616*v + 246. What is l(1)?
-370
Let p(u) = -6*u**3 - 2*u**2 + 15*u + 418. What is p(0)?
418
Let x(t) = 135*t**3 - 60*t**2 - 20*t + 40. What is x(-1)?
-135
Let x(o) = 4*o**3 - 314*o**2 - 484*o + 321. Calculate x(80).
1
Let z(f) = -2*f**2 + 4081*f + 119986. Determine z(-29).
-45
Let k(g) = 9*g**3 - 336*g + 973. Determine k(3).
208
Let c(y) = 406*y - 1882. What is c(5)?
148
Let w(q) = -24*q**2 - 1628*q + 428. Give w(-68).
156
Let j(b) = 151*b**2 + 95*b - 466. Determine j(3).
1178
Let z(n) = 188*n**2 + 6202*n - 76. Determine z(-33).
-10
Let o(q) = -41*q**3 - 1148*q**2 - 18*q - 524. Determine o(-28).
-20
Let f(y) = 2*y**2 - 383*y + 18178. Determine f(87).
-5
Let o(h) = 3*h**2 - 190*h - 2777. Give o(-14).
471
Let u(r) = r + 466. Give u(-376).
90
Let o(a) = -617*a**2 + 9128*a + 1939. Give o(15).
34
Let b(h) = -h**3 - 59*h**2 + 93*h - 946. Calculate b(-61).
823
Let h(t) = -11*t**2 - 782*t - 3193. What is h(-4)?
-241
Let j(z) = -2*z**3 - 411*z**2 - 5176*z - 60. What is j(-192)?
-1596
Let g(l) = l**2 + 17851*l + 43694548. Give g(-2928).
4
Let v(h) = -1236*h + 8597. Give v(7).
-55
Let l(y) = 2*y**2 + 2020*y + 8080. What is l(-4)?
32
Let w(b) = 17*b**3 - 65*b**2 - 56*b - 15. What is w(6)?
981
Let h(c) = c**2 + 228369*c - 1598637. Determine h(7).
-5
Let a(s) = 400900*s + 3608111. Calculate a(-9).
11
Let s(m) = -140*m**2 + 1110*m + 2. Give s(8).
-78
Let m(f) = 2*f**3 - 602*f**2 - 40810*f + 125. Determine m(-57).
11
Let i(g) = -25256*g + 277812. Determine i(11).
-4
Let w(d) = -2634*d + 94890. Determine w(36).
66
Let u(d) = -d**2 + 637*d - 57215. Determine u(108).
-83
Let k(t) = -63*t**2 - 14335*t + 43000. What is k(3)?
-572
Let l(b) = 4*b**3 - 7*b**2 - 229*b + 907. Calculate l(4).
135
Let f(d) = 138317*d + 553091. Calculate f(-4).
-177
Let f(r) = -r**3 + 20*r**2 - 36*r - 519. Determine f(15).
66
Let f(n) = n**3 - 46*n**2 + 10509*n - 20836. Give f(2).
6
Let k(o) = 5691*o + 107842. Determine k(-19).
-287
Let s(z) = -z**3 + 62*z**2 - 179*z - 484. Calculate s(59).
-602
Let s(y) = 4*y**3 - 83*y**2 + 9843*y - 184486. Calculate s(19).
4
Let i(x) = 2598*x + 831002. Calculate i(-320).
-358
Let y(a) = -92367*a - 1570252. What is y(-17)?
-13
Let s(q) = -6558*q - 13053. What is s(-2)?
63
Let u(h) = 3*h**2 - 2254*h + 95372. What is u(45)?
17
Let v(o) = -o**3 + 2*o**2 + 58*o + 33. Determine v(8).
113
Let o(g) = g**2 - 170*g + 5254. What is o(126)?
-290
Let d(a) = 5*a**2 - 341*a - 4374. What is d(-13)?
904
Let g(i) = -2742*i + 19190. What is g(7)?
-4
Let t(d) = d**2 - 1664*d - 11557. What is t(-7)?
140
Let a(w) = -524*w**2 - 3340*w + 19007. Determine a(-10).
7
Let i(m) = -m**3 + 10*m**2 + 121*m + 67. What is i(17)?
101
Let b(c) = 130939*c + 1833146. Give b(-14).
0
Let o(v) = -1831*v - 10731. Calculate o(-6).
255
Let j(l) = l**2 - 56*l + 1549. Give j(23).
790
Let k(h) = 13079*h - 39242. Give k(3).
-5
Let r(o) = -2*o**2 - 255*o + 9083. Calculate r(29).
6
Let z(f) = -3*f**3 - 6615*f**2 - 6981*f - 813281. What is z(-2204)?
-5
Let x(f) = 18556*f + 964915. What is x(-52)?
3
Let i(q) = -7*q**2 + 3922*q - 90075. What is i(24)?
21
Let z(b) = 2*b**3 - 165*b**2 - 406*b - 1747. Determine z(85).
-132
Let b(w) = w**3 - 10*w**2 + 3478*w - 38315. Calculate b(11).
64
Let s(p) 